) + -1*2. Let o be (12/(-15))/((-2)/w). Determine b(o).
-5
Let u be (-1)/2 - 5/10. Let g = -1 - u. Let x(p) = -2*p + g*p - 1 - 2*p. Calculate x(1).
-5
Let j(r) be the third derivative of 0 - 1/120*r**6 - 1/24*r**4 - 1/60*r**5 + 36*r**2 + 17/6*r**3 + 0*r. Determine j(0).
17
Let n(t) = -t**2 - 4*t - 7. Suppose 2*h = 7*h - 50. Suppose 10 = -12*c + h*c. What is n(c)?
-12
Let m(z) = -z + 3. Suppose -2*r - i - 3*i + 26 = 0, 2*i = 3*r + 1. Suppose -3*f - o = f - 27, -3*f + 27 = r*o. Calculate m(f).
-3
Let f(y) = -y**2 - 6*y - 6. Let o = -7 - -4. Suppose h - 7 = -6. Let k = o - h. Give f(k).
2
Suppose -3*g + 26 = g + 2*x, -5*g + 5*x + 55 = 0. Let c(j) = -j**2 + 9*j - 9. Let w be c(g). Let l(d) = -4*d - 1. What is l(w)?
3
Suppose -13 = -5*g + 112. Suppose -5*v = g, 5*y + 75 = -0*y - 3*v. Let f be 66/y - 2/4. Let p(c) = -2*c - 5. Give p(f).
7
Let l(h) = 4*h**2 + h**2 - 2*h**3 + 3 + h**3. Suppose -21 - 5 = -2*y. Let g = y + -8. Give l(g).
3
Let h(z) = -2*z - 4. Let c(l) = -3*l**3 - 23*l**2 - 20*l + 2. Let r(i) = -i**3 - 8*i**2 - 7*i + 1. Let j(k) = 6*c(k) - 17*r(k). Let t be j(0). Calculate h(t).
6
Suppose -15 = 10*o - 15*o. Suppose o*r - 35 = -8. Let v(p) = p**2 - 8*p - 8. Determine v(r).
1
Suppose -f = 0, 0 = -w - w - f + 152. Let r = w + -15. Let m(p) = r*p + 1 - 1 - 62*p. What is m(3)?
-3
Let v(q) = -q**2 - 2*q. Let h be v(-2). Suppose h = -3*s + 7 + 2. Suppose s*n + 0*n + 6 = 0. Let l(i) = i**3 + 2*i**2 - i - 2. What is l(n)?
0
Let o(n) = 6 + 2*n**2 - 5*n - 7*n**2 + 3*n**2 + n**2. Let c be -3*(-2 + 0)*-1. Give o(c).
0
Suppose 4*l - 16 = 0, 0*l + 2*l = 4*w - 28. Let z = w - 7. Let o(f) = -f**2 - 3*f**z - 5*f + 3*f**2 - 4. Give o(-3).
2
Let u = 6 + -3. Suppose -3*b = 2*f - 8, -2*f + u*b - 2*b - 8 = 0. Let v(x) = 9*x - 2. Calculate v(f).
-20
Let j be -1 - (6/(-18) - (-2)/(-3)). Let z = 3 + j. Let v(o) = -o**3 + 5*o**2 - 2*o - 2. Calculate v(z).
10
Let i(k) = -4*k**2 + k**3 + 20*k - 2 - 17*k - 3*k**2. Suppose -4*d - 2*d + 36 = 0. Determine i(d).
-20
Let v(w) = -w + 1. Let i(s) = -3*s**3 - 2*s**2 - 3*s + 9. Let p(m) = -i(m) + 6*v(m). Suppose 5*n - 22 - 1 = 4*t, -n + 3 = 0. What is p(t)?
-13
Let j be (-2 - -2)*(-45)/(-135). Let t(c) be the third derivative of -c**6/120 + c**5/60 + c**4/24 + 2*c**3/3 + c**2. Calculate t(j).
4
Let s(r) = -r**2 - 5*r + 5. Let a = 11 + -7. Suppose 0 = -a*c - 17 + 1. What is s(c)?
9
Let d(f) = -f**3 + 5*f**2 - 5*f + 4. Let z(w) = -2*w**2 + 2*w - 1. Let g(y) = -d(y) - 2*z(y). Let j(i) = 2*i**2 - i + 1. Let p be j(1). Determine g(p).
4
Let o(g) = -g**2 + 2. Let r(s) = -s**2 + 9*s - 11. Let j be r(9). Let f = -7 - j. What is o(f)?
-14
Let k(s) = -2*s + 5 + s**2 + 2 - s - 2. Suppose 12 + 12 = 6*z. Calculate k(z).
9
Let t(p) = -p. Suppose -r = -4*r + 5*b + 31, 0 = -4*b - 20. Suppose f = 4*a + 2*f + 19, 27 = -r*a + 3*f. Calculate t(a).
6
Let f(h) = -h**2 + 19*h - 15. Let x be f(17). Let q(w) = -46 + x + w + 26. Let p(g) = g - 2. Let a be p(2). Determine q(a).
-1
Let c(n) be the second derivative of n**4/12 + 54*n. Suppose t + 0 = 1. Let k be (-1 - 0)/(t/(-1)). Determine c(k).
1
Let m(f) = -f**2 + 4*f + 8. Suppose j - 27 = -4*s, 5*s + 166 = 3*j - 0*s. Suppose -j + 5 = -7*u. What is m(u)?
-4
Let n = -37 + 40. Let f(t) = 4*t**n + 372 - 2*t**2 - 369 + 5*t - 5*t**3. Determine f(-3).
-3
Let p(c) = -c + 9. Let q be p(7). Let m(v) = -42 - 43 - 49 - v**2 + 133. Give m(q).
-5
Let r(v) = -31*v + 34*v - 167 + 178. Determine r(-12).
-25
Let g(x) = -5*x**3 - 13*x**2 - 17*x + 13. Let j(b) = 14*b**3 + 37*b**2 + 49*b - 37. Let q(l) = 17*g(l) + 6*j(l). Determine q(3).
-4
Let w(t) = 3*t + 83. Let c be w(-26). Let g(q) = 7*q**3 - 10*q**2 + q + 7. Let z(a) = 8*a**3 - 11*a**2 + 2*a + 7. Let v(n) = 7*g(n) - 6*z(n). Determine v(c).
7
Let k(f) be the second derivative of -1/2*f**3 + f + 0 + f**2 - 1/12*f**4. Give k(-2).
4
Let i(c) = 4*c + 16. Suppose 0 = -2*d + 2*b - 22, -12 = -2*b - 2. What is i(d)?
-8
Let b(r) be the first derivative of -r**5/60 - r**4/12 - 5*r**3/6 - 4*r**2 + 17. Let s(k) be the second derivative of b(k). Give s(-5).
-20
Let l = -4 + 1. Let g be (-6 + 1 - (4 + -7))*-1. Let z(k) = -5 + 0*k**g + k**2 - 8*k + 11*k + 3. Determine z(l).
-2
Let n(d) be the first derivative of d**3 - 3*d**2/2 - 2*d - 1. Let x be (-35)/(4 + -9) + 2. Let w = 7 - x. Give n(w).
16
Let x = -216 - -219. Let c(r) = 2*r**2 - 3*r - 4. Calculate c(x).
5
Let u = -7 + 7. Let t(r) = 8*r**3 - 7*r**3 - 10 + 2*r + r**2 - r. Give t(u).
-10
Let p = 464 + -459. Let f(l) = -7*l + 4. What is f(p)?
-31
Let p = 21 - 26. Let o(t) = -t**3 + 2*t**2 + 5*t. Let r(y) = y**3 - 3*y**2 - 6*y. Let z(u) = p*o(u) - 4*r(u). What is z(-3)?
-6
Let m(h) = 8*h - 1. Let q(j) = j**3 + 4*j**2 + 3*j + 13. Let x be q(-4). Calculate m(x).
7
Let k(q) = 2*q + 10. Let r = 39 + -39. Let i(y) = -2*y - 7. Let l be i(r). Give k(l).
-4
Let z = -15 + 9. Let s(m) = -6*m + 3. Let l = -20 - -14. Let p(n) = 7*n - 4. Let b(c) = l*s(c) - 5*p(c). What is b(z)?
-4
Let r(j) = -j**3 + 4*j**2 + 2*j - 1. Let c = -14 - -16. Suppose 0 = 2*y + c*y - n - 21, 3*y = -5*n - 13. What is r(y)?
7
Let g(d) = d + 8. Let k(a) = 7. Let n(i) = 4*g(i) - 5*k(i). Give n(2).
5
Let p(i) = -i**2 + 64*i + 348. Let a be p(69). Let d(s) = 2*s**2 - 9*s + 1. Let v(z) = -3*z**2 + 13*z - 2. Let b(l) = -7*d(l) - 5*v(l). Calculate b(a).
6
Let w(t) = 17*t + 128. Let b be w(-8). Let z(o) = o**3 + 8*o**2 + o + 10. Determine z(b).
2
Let x = -1 - -4. Suppose -x*l + 6 = -l. Suppose f - 45 = -5*z - l*f, -4*f + 25 = z. Let g(b) = b - 4. Give g(z).
1
Suppose -h + 0*h + 3 = 0. Suppose 28*r = 29*r - 3. Let d(l) = 5*l**2 - h*l**2 - r*l**2. What is d(3)?
-9
Let w(a) = -a - 4. Let n(b) = 3*b**2 - 14*b - 24. Let p(l) = -4*l**2 + 21*l + 36. Let y(x) = 7*n(x) + 5*p(x). Let k be y(-3). What is w(k)?
-4
Let y(x) = -3*x - 8. Let o be y(3). Let r = -14 - o. Suppose -3*g - r = -6*g. Let k(i) = -4*i**2 + 2*i - 1. What is k(g)?
-3
Let i = -31 - -24. Let y be i + (-4 - -10)/3. Let r(f) = f**2 + 5*f - 2. Calculate r(y).
-2
Let z(b) = b**3 - b - 1. Let n(t) = 33 + t + 3*t**2 + 4*t**3 + 29 - 72. Let a(h) = -n(h) + 5*z(h). What is a(4)?
-3
Let v(g) = g**3 + 11*g**2 - 9*g + 21. Let u be (-8 + -10)*(-2)/(-3). Calculate v(u).
-15
Suppose 85 = 2*x - 15. Let t be 36/(-5) + 10/x. Let f(a) = a**3 + 7*a**2 + 8. Give f(t).
8
Let d(b) = b**2 + 2*b - 1. Let t(l) be the first derivative of l**4/4 + 17*l**3/3 + 16*l**2 + 27*l + 11. Let c be t(-15). Calculate d(c).
2
Suppose 5*z - 29 = 11. Suppose -2*a + z = 0, 4*a - 1 = q + 3. Let i(r) = -q + 3 - 18*r + 16*r. Calculate i(-6).
3
Let q = -835 + 833. Let w(t) = -4*t**2 - 2*t + 3. Let v(h) = -7*h**2 - 4*h + 7. Let i(p) = -2*v(p) + 5*w(p). Give i(q).
-19
Suppose 5*l = 18 + 7. Let p(o) = -50 + 100 - 52 - o. Determine p(l).
-7
Let j be (20/(-3))/(4/(-6)). Let c = j - 11. Let g(o) be the third derivative of o**6/12 - o**5/60 - o**4/24 + 6*o**2. Give g(c).
-10
Let k be (2 - 1)*(1 + -1). Suppose -n = 3*s - s, 4*n + s + 21 = k. Let t(d) = d**2 - d - 1. Let b(f) = 4*f**2 + 5*f + 3. Let v(c) = b(c) - 3*t(c). What is v(n)?
-6
Let f = 35 - -18. Let w = -58 + f. Let h(o) = -o - 1. Give h(w).
4
Suppose -6*g = -4*g - 12. Suppose r - 25 = g*r. Let h(x) = -2*x - 4. What is h(r)?
6
Let b(l) = l**3 + 5*l**2 - 4. Let g(d) = -6*d**3 - 26*d**2 + 20. Let s(n) = -11*b(n) - 2*g(n). Suppose -4*r - 4 - 12 = 0, -u + 2*r = -11. Determine s(u).
4
Suppose -7*h = -13*h + 24. Let z(p) be the first derivative of -1/2*p**2 + h - p. Calculate z(3).
-4
Let s(g) be the second derivative of g**3/3 - 5*g**2/2 - 227*g. Determine s(5).
5
Suppose -15*l = 93 - 48. Let v(p) = p**2 + 4*p + 3. Determine v(l).
0
Let d(j) = -5 + 696*j - 694*j + 25. Determine d(-7).
6
Let n(c) be the third derivative of c**6/120 - c**5/30 - c**4/6 - 2*c**3/3 + 57*c**2. What is n(4)?
12
Let w(p) = p**2 - 2*p + 2. Let b(a) = -3*a**2 + 3*a - 2. Let n(k) = -b(k) - 2*w(k). Determine n(0).
-2
Suppose -5*r - 18*p = -23*p - 30, 5*p = -15. Let o(z) = -z**3 + 3*z**2. Give o(r).
0
Let m(a) = 46*a**2 + a + 2*a**3 + 3*a - 45*a**2 + 1 - 3*a. Let z(o) = -o**2 + 2*o + 2. Let r be z(-1). What is m(r)?
-1
Let b(d) = d**3 - d**2 - d + 3. Let y(w) = 7*w**3 + 3*w**2 - 14*w + 31. Let g(x) = 6*b(x) - y(x). Calculate g(-10).
7
Let b(n) = 6 - 6 - 12*n + 22*n - 9*n. Suppose h = -2*p + 3*h - 32, 5*p + h = -50. Calculate b(p).
-11
Let f(k